{"id":8187,"date":"2022-09-17T14:50:55","date_gmt":"2022-09-17T11:50:55","guid":{"rendered":"https:\/\/ugurgelinbuketi.com\/?page_id=8187"},"modified":"2022-09-17T14:55:16","modified_gmt":"2022-09-17T11:55:16","slug":"hakkimizda","status":"publish","type":"page","link":"https:\/\/ugurgelinbuketi.com\/?page_id=8187","title":{"rendered":"Hakk\u0131m\u0131zda"},"content":{"rendered":"<p>U\u011fur Gelin \u00c7i\u00e7e\u011fi 2020 y\u0131l\u0131nda faliyetlerine \u0130zmir&#8217;de ba\u015flad\u0131. 1999 y\u0131l\u0131ndan bu yana sekt\u00f6rde yer alan ekibimiz kendi firmas\u0131n\u0131 kurma karar\u0131 alarak faliyetlerine ba\u015flad\u0131. <\/p>\n<p>Uzun y\u0131llara dayanan tecr\u00fcbemiz ile T\u00fcrkiye genelinde pek \u00e7ok gelinlik ve ni\u015fanl\u0131k gibi \u00fcr\u00fcn satan ma\u011fazalarla ortak \u00e7al\u0131\u015fmaktay\u0131z. <\/p>\n<p>G\u00fcn\u00fcm\u00fcz yani \u00e7a\u011f\u0131 yakalayan modern tasar\u0131mlar\u0131n yan\u0131 s\u0131ra geleneksel tasar\u0131mlarda sunmaktay\u0131z. internet sitemizde g\u00f6rd\u00fc\u011f\u00fcn\u00fcz \u00e7i\u00e7ekler b\u00fct\u00e7eye uygun modeller ve \u00f6zel kendi dizayn\u0131m\u0131z olup, \u00e7i\u00e7ek\u00e7ilik sanat\u0131ndan anlayan ustalar\u0131m\u0131z taraf\u0131ndan haz\u0131rlanmaktad\u0131r.<\/p>\n<p>Hedefimiz, yirmi y\u0131l\u0131 a\u015fk\u0131n tecr\u00fcbemizi \u00dclkemizin d\u0131\u015f\u0131na ta\u015f\u0131mak ve sekt\u00f6rde zirveye \u00e7\u0131kmakt\u0131r. Her y\u0131l m\u00fc\u015fterilerimizle birlikte ki\u015fiye \u00f6zel tasar\u0131mlar\u0131m\u0131zda moday\u0131 ve y\u0131l\u0131n tasar\u0131m trendlerini \u00fcr\u00fcnlerimize yans\u0131tarak en \u00f6zel g\u00fcn\u00fcn\u00fczde sizlerin yan\u0131n\u0131zday\u0131z.<\/p>\n<p>Bizim \u00f6nceli\u011fimiz, m\u00fc\u015fterilerimizi mutlulu\u011fudur. G\u00fcvenli, mutlu ve keyifli bir al\u0131\u015fveri\u015f ya\u015famalar\u0131 i\u00e7in var g\u00fcc\u00fcm\u00fczle \u00e7al\u0131\u015fmaktay\u0131z.<\/p>\n","protected":false},"excerpt":{"rendered":"<p>U\u011fur Gelin \u00c7i\u00e7e\u011fi 2020 y\u0131l\u0131nda faliyetlerine \u0130zmir&#8217;de ba\u015flad\u0131. 1999 y\u0131l\u0131ndan bu yana sekt\u00f6rde yer alan ekibimiz kendi firmas\u0131n\u0131 kurma karar\u0131<\/p>\n","protected":false},"author":1,"featured_media":0,"parent":0,"menu_order":0,"comment_status":"closed","ping_status":"closed","template":"","meta":{"_joinchat":[],"footnotes":""},"class_list":["post-8187","page","type-page","status-publish","hentry"],"jetpack_sharing_enabled":true,"_links":{"self":[{"href":"https:\/\/ugurgelinbuketi.com\/index.php?rest_route=\/wp\/v2\/pages\/8187","targetHints":{"allow":["GET"]}}],"collection":[{"href":"https:\/\/ugurgelinbuketi.com\/index.php?rest_route=\/wp\/v2\/pages"}],"about":[{"href":"https:\/\/ugurgelinbuketi.com\/index.php?rest_route=\/wp\/v2\/types\/page"}],"author":[{"embeddable":true,"href":"https:\/\/ugurgelinbuketi.com\/index.php?rest_route=\/wp\/v2\/users\/1"}],"replies":[{"embeddable":true,"href":"https:\/\/ugurgelinbuketi.com\/index.php?rest_route=%2Fwp%2Fv2%2Fcomments&post=8187"}],"version-history":[{"count":0,"href":"https:\/\/ugurgelinbuketi.com\/index.php?rest_route=\/wp\/v2\/pages\/8187\/revisions"}],"wp:attachment":[{"href":"https:\/\/ugurgelinbuketi.com\/index.php?rest_route=%2Fwp%2Fv2%2Fmedia&parent=8187"}],"curies":[{"name":"wp","href":"https:\/\/api.w.org\/{rel}","templated":true}]}}